6.
44
Calculate the greatest common divisor of 935412562 and 84.
14
Calculate the greatest common factor of 261143 and 8249.
113
What is the greatest common divisor of 432 and 490056912?
432
Calculate the greatest common divisor of 1571227 and 42.
7
What is the highest common factor of 1558 and 5450704?
82
Calculate the greatest common divisor of 446705 and 36540.
35
What is the highest common factor of 3135 and 172672?
19
Calculate the highest common divisor of 1496099 and 817.
43
What is the highest common divisor of 113734 and 1338018?
38
What is the greatest common divisor of 10018440 and 9560?
40
What is the greatest common divisor of 13425 and 64712975?
4475
What is the greatest common factor of 23664 and 50244240?
1392
Calculate the highest common divisor of 53592 and 2990526.
462
What is the highest common factor of 15170768 and 560?
16
Calculate the highest common factor of 66 and 149852274.
66
What is the highest common factor of 32 and 174102496?
32
Calculate the greatest common factor of 30810 and 1101750.
390
Calculate the greatest common factor of 1324 and 43231910.
662
What is the highest common factor of 5556068 and 651?
217
What is the highest common factor of 154999 and 25233?
13
Calculate the highest common factor of 1011 and 1243867.
337
Calculate the greatest common factor of 163660814 and 626.
626
What is the greatest common divisor of 1242000 and 1518?
138
Calculate the highest common divisor of 720 and 123435.
45
Calculate the highest common divisor of 3830039 and 2869.
19
What is the greatest common divisor of 70 and 512090?
10
What is the greatest common divisor of 43756220 and 140?
20
What is the greatest common factor of 452124 and 35188?
76
What is the highest common divisor of 16 and 381904496?
16
Calculate the highest common factor of 84 and 682999212.
84
Calculate the highest common factor of 479568 and 52380.
1164
What is the highest common factor of 1404 and 52093548?
468
What is the greatest common divisor of 99539714 and 2630?
526
Calculate the greatest common divisor of 15160 and 3240520.
40
What is the greatest common factor of 7616 and 211463?
119
What is the greatest common factor of 113339 and 42421?
59
What is the highest common divisor of 2 and 6516694?
2
What is the greatest common factor of 201573 and 54?
9
Calculate the highest common factor of 1752025 and 276.
23
What is the greatest common divisor of 11647 and 285?
19
Calculate the greatest common divisor of 4308 and 18277767.
1077
Calculate the greatest common factor of 335038 and 67510.
314
Calculate the greatest common factor of 532126 and 5174.
398
Calculate the highest common factor of 790 and 75896485.
395
What is the highest common divisor of 29546202 and 1554?
1554
Calculate the greatest common divisor of 7425 and 483725.
275
What is the greatest common factor of 18795 and 13202145?
2685
What is the greatest common factor of 130608 and 68196423?
2721
What is the highest common factor of 284526 and 18333?
27
Calculate the greatest common divisor of 864 and 104262660.
108
What is the greatest common factor of 23236 and 3025076?
628
Calculate the highest common divisor of 8 and 22259272.
8
What is the greatest common factor of 96 and 530109136?
16
Calculate the greatest common factor of 305 and 132030413.
61
Calculate the highest common factor of 6405106 and 4963.
709
What is the greatest common divisor of 5759130 and 8970?
390
What is the highest common factor of 620 and 220925964?
124
What is the highest common divisor of 15235 and 11337887?
3047
What is the greatest common divisor of 27 and 7249323?
3
Calculate the highest common factor of 570 and 58132780.
190
Calculate the greatest common factor of 1460034 and 37062.
522
What is the greatest common divisor of 231 and 4452063?
231
What is the highest common factor of 29338122 and 462?
66
What is the greatest common factor of 1645 and 497830?
5
What is the highest common factor of 14877476 and 28598?
362
Calculate the greatest common factor of 166 and 28276606.
166
What is the highest common factor of 52644 and 160269?
123
Calculate the highest common divisor of 22322272 and 116224.
7264
What is the highest common factor of 10834949 and 4717?
4717
Calculate the highest common factor of 1751 and 4107331.
103
What is the highest common divisor of 462974978 and 1502?
1502
Calculate the highest common divisor of 280 and 2792940.
20
Calculate the highest common divisor of 2623125 and 101250.
1875
Calculate the greatest common divisor of 543190 and 67190.
10
What is the greatest common divisor of 11136 and 73464?
24
Calculate the greatest common factor of 126 and 93465738.
18
What is the greatest common factor of 215 and 1675495?
215
What is the greatest common divisor of 884 and 6588894?
442
Calculate the highest common divisor of 27 and 4658481.
9
Calculate the greatest common factor of 1474 and 47853410.
1474
Calculate the highest common factor of 99900 and 25506.
18
What is the greatest common divisor of 17190147 and 624?
39
What is the greatest common factor of 211117816 and 91?
91
Calculate the greatest common factor of 904058 and 209.
19
What is the highest common factor of 5231330 and 91?
13
Calculate the highest common divisor of 3388730 and 15850.
3170
What is the highest common divisor of 364026 and 74022?
1014
Calculate the greatest common factor of 48 and 25960464.
48
What is the greatest common factor of 409928 and 2376?
8
Calculate the highest common factor of 2195 and 455962960.
2195
Calculate the greatest common divisor of 12192 and 9072753.
381
What is the greatest common divisor of 2 and 538483?
1
Calculate the greatest common factor of 48 and 368857.
1
What is the highest common divisor of 19130 and 246590?
10
Calculate the greatest common divisor of 8510 and 114830.
10
What is the highest common divisor of 980 and 205980?
20
Calculate the greatest common factor of 58 and 23031.
1
What is the greatest common factor of 523848 and 70564?
1196
Calculate the greatest common divisor of 11635 and 8775654.
179
Calculate the highest common divisor of 2044096 and 23411.
41
Calculate the greatest common factor of 61135139 and 10257.
3419
Calculate the greatest common factor of 2109114 and 123291.
1197
Calculate the greatest common factor of 3968 and 911059.
31
Calculate the greatest common factor of 101318 and 3297.
7
What is the greatest common divisor of 1841 and 270076541?
1841
Calculate the greatest common divisor of 461877544 and 309.
103
Calculate the highest common divisor of 43749 and 7857.
9
Calculate the greatest common divisor of 5850 and 88982400.
1950
What is the greatest common divisor of 35690 and 31390?
430
What is the highest common divisor of 38110 and 796980?
370
Calculate the highest common divisor of 4960 and 215530.
10
Calculate the highest common divisor of 66210 and 410.
10
Calculate the highest common factor of 95888 and 39.
13
Calculate the greatest common factor of 276880662 and 13252.
6626
Calculate the greatest common divisor of 39988950 and 31050.
3450
What is the highest common factor of 16650634 and 11?
11
Calculate the highest common divisor of 7 and 55695087.
7
What is the greatest common divisor of 5 and 12423605?
5
Calculate the greatest common divisor of 787606 and 5122.
394
Calculate the highest common factor of 2673 and 1441257543.
2673
Calculate the greatest common factor of 6153279 and 205203.
2811
Calculate the greatest common divisor of 38330 and 230.
10
What is the greatest common divisor of 639704 and 5928?
104
Calculate the greatest common divisor of 12015 and 533199.
267
What is the highest common factor of 2114250 and 30750?
750
What is the highest common factor of 10502022 and 2261?
323
What is the highest common divisor of 57858 and 1734?
6
Calculate the greatest common divisor of 10321166 and 4.
2
What is the greatest common divisor of 6561969 and 552?
69
What is the greatest common divisor of 4571550 and 14850?
450
Calculate the highest common factor of 78770223 and 1113.
21
Calculate the greatest common factor of 2274 and 1639235640.
2274
Calculate the greatest common factor of 100931629 and 622.
311
Calculate the highest common factor of 1747404 and 26604.
36
Calculate the highest common divisor of 103360 and 1034960.
1360
Cal